er when x is divided by 40?
39
Suppose 2*u - 35 = -3*u. Let a(v) = -v**3 + 4*v**2 + 24*v - 9. Suppose n + 7 = 2*n. Calculate the remainder when a(n) is divided by u.
5
Let g(h) = -156*h - 111. Calculate the remainder when g(-3) is divided by 20.
17
Let q = -737 + 744. What is the remainder when 194 is divided by q?
5
Let k = -13 - -13. Suppose k = 4*x - 2 - 6. Suppose -2*j = x*d - 24, -3*j - 3*d = -6*j + 12. Calculate the remainder when 30 is divided by j.
6
Let n = -1108 - -1162. What is the remainder when 97 is divided by n?
43
Suppose -2*g = -77 - 21. Calculate the remainder when g is divided by 7.
0
Let w = -8 - -12. Suppose w*p - 50 = 38. Suppose m = -m + p. What is the remainder when m is divided by 3?
2
What is the remainder when 180 is divided by 9/(-6)*69*(-6)/27?
19
Suppose -o = -4*o - 4*s + 8, -2 = -3*o - s. Suppose 4*w - 10 = 2, o = 5*d + 5*w - 45. Calculate the remainder when 16 is divided by d.
4
Let w(q) = -q**2 - 4*q + 91. What is the remainder when 429 is divided by w(7)?
9
Suppose -8*n + 205 = -3*n. Suppose -2*v = -5*z + 66, 2*v = -5*z + 13 + n. Suppose -3*m + 54 - z = 0. What is the remainder when m is divided by 8?
6
Suppose 0 = -3*c + 5*t + 9, 1 + 1 = 2*c - 2*t. Let j be c/(-7) - (-3368)/(-28). Let n = 169 + j. Calculate the remainder when n is divided by 10.
9
Let t(w) = 3*w - 8. Suppose -5*k - 2*h + 130 = 0, 4*k + 3*h + 0*h - 97 = 0. Suppose 6*x = 2*x + k. Calculate the remainder when 37 is divided by t(x).
11
Calculate the remainder when 307 is divided by 7 - (0 - 0)/(88 - 87).
6
Let o = -1771 - -1897. What is the remainder when 133 is divided by o?
7
Let j = 2034 - 1944. Calculate the remainder when j is divided by 51.
39
Let v = 34 - 21. Let c = v - 9. Suppose -l + 2*w + 19 = 0, -4*l + 43 = -3*l + c*w. What is the remainder when l is divided by 10?
7
Let r(m) = 10*m**2 - 2*m + 2. Suppose -3*w = 5*s - 92, -33*w + 5*s = -31*w - 53. Calculate the remainder when r(3) is divided by w.
28
Let k(u) = 3*u**3 + u**2 - 4*u + 2. Suppose 0 = 2*c + c + 6. What is the remainder when (-20)/(-8) + (-3)/c is divided by k(1)?
0
Suppose -2*a = -4*u + 4, 3*u = 3*a - 3 - 0. Suppose -4*v = f, f = -u*f - 16. What is the remainder when 6 is divided by -1 - ((-3)/v - 0)?
0
Let t(j) = 12*j**2 + 21*j - 10. What is the remainder when t(6) is divided by 10?
8
Let f = 167 - 84. What is the remainder when 246 is divided by f?
80
Let r be (-5 - 5)/(2/(-4)). Let i = -13 + r. Calculate the remainder when 27 is divided by i.
6
Let y be 36/10 + (-6)/10. Suppose y*x + h - 43 = -h, 3*x - 3*h = 48. What is the remainder when 7 is divided by (-10)/3*x/(-10)?
2
Let v(z) = z**2 - 6*z - 7. Let w be v(7). Suppose 4*c + 25 = -2*y + 163, w = -3*c - 12. What is the remainder when y is divided by 22?
11
Let f(r) = r**3 - 15*r**2 + 14*r + 19. Suppose 33*s = 31*s + 1520. Let c be s/56 - 6/(-14). What is the remainder when 33 is divided by f(c)?
14
Suppose -219 = -3*s + 42. Suppose 3*n - k - s = -5*k, 0 = -2*k - 6. Calculate the remainder when n is divided by 9.
6
Let i be (1 - 3)/(2/(-23)). Calculate the remainder when (5 + (-13)/3)*(i + 1) is divided by 3.
1
Let z(t) = -7*t**2 + t + 3. Let k be z(4). Let b(f) = -169*f + 2. Let v be b(1). Let m = k - v. What is the remainder when m is divided by 16?
14
Calculate the remainder when 159 is divided by 252/8*(-42)/(-49).
24
Suppose -2*q + 1 = 5. Let u be (q + 0 - 1)*-1. What is the remainder when 34 is divided by 3 + 27/u + 0?
10
Let b = -52 + 106. Let k = 106 - b. Calculate the remainder when k is divided by 9.
7
Suppose -i + 0*i + 20 = 0. Suppose -i = -13*b + 11*b. Suppose 0 = -4*h + 26 + 42. Calculate the remainder when h is divided by b.
7
Let h(o) = 89*o**2 + 2. What is the remainder when h(2) is divided by 30?
28
Let r = 262 - 249. What is the remainder when 73 is divided by r?
8
Let j = 40 + -17. Calculate the remainder when 182 is divided by j.
21
Let o = 49 - 34. Calculate the remainder when (-6)/8 + 9*(-546)/(-56) is divided by o.
12
Let f = -71 - -35. Let q be f/84 + 22/(-14). Calculate the remainder when ((-56)/(-3))/q*-3 is divided by 15.
13
Suppose 0 = -2*w + 2*d + 32, 5*d + 28 = 3. Let g(u) = -3*u + 3. What is the remainder when g(-6) is divided by w?
10
Suppose -3*i - w = 4*w + 50, -i - 3*w = 10. Suppose 0 = 5*b + 2*j - 38 - 71, -89 = -4*b - j. What is the remainder when b is divided by ((-20)/i)/(1/15)?
11
Let f(r) = r**3 + 11*r**2 + 13*r + 5. Let s be f(-10). Let l = -17 - s. Let o = 22 - l. What is the remainder when 54 is divided by o?
12
Let w = -514 - -1085. Suppose 6*x = w - 211. What is the remainder when x is divided by 16?
12
Suppose 4*v = 5*q + 382, -5*q + 6 = 3*v - 263. What is the remainder when (14/(-42))/((-1)/v) is divided by 16?
15
Let f(s) = s**2 - 12. Let h be f(-4). What is the remainder when -2*(-52)/(-6)*(-3)/h is divided by 6?
1
Let j(s) = -s**3 + 8*s**2 - 5*s + 2. Suppose 3*o = -2*o. Suppose -27 = -3*f - o*f. What is the remainder when j(7) is divided by f?
7
Let q(t) = -5*t**2. Let w be q(1). What is the remainder when w*(235/(-25) + 4) is divided by 7?
6
Let m(f) = 72*f - 588. Calculate the remainder when m(10) is divided by 77.
55
What is the remainder when 2 - 4 - (1596/(-3) + 6) is divided by 35?
34
Let d = -2025 + 2069. Let f = -189 - -320. Calculate the remainder when f is divided by d.
43
Let c(y) = -3*y**3 + 32*y**2 - 13*y + 15. Calculate the remainder when c(10) is divided by 30.
25
Calculate the remainder when 66/(-4)*(-1)/(-3)*-30 is divided by 56.
53
Let z be 7 + (-4 - -2) - 2. Let v(f) = 4*f**2 - f + 7. Let j be v(5). Suppose -z*c - 3*c = -j. What is the remainder when 31 is divided by c?
14
Suppose -3*c - c + 22 = r, 4*r + 5*c = 66. Suppose -84 = -r*q + 7*q. What is the remainder when 81 is divided by q?
9
Let q(y) = y**2 + 2*y + 4. Let k be q(-4). Let j = k + -11. What is the remainder when (-6 - -7)/(0 + j) is divided by 1?
0
Let f = -168 - -242. Suppose 0*z - 5*z - 3*i + 185 = 0, 2*z + 3*i - f = 0. Calculate the remainder when z is divided by 13.
11
Suppose 5*k + 2*i = 2, 2*k + i = -3 + 4. Let f be k + 2 + -1 + 3. Calculate the remainder when (f/(-8))/(2/(-24)) is divided by 2.
0
Let j(l) = l - 1. Let b(v) = v**3 + 7*v**2 - 8*v - 3. Let y(f) = b(f) - 2*j(f). Let k = -15 + 24. What is the remainder when y(-8) is divided by k?
6
Suppose -2*g = -4*n - 178, g - 48 = 5*n + 38. Calculate the remainder when g is divided by 46.
45
Let q(t) = -t**3 - 6*t**2 + 2*t - 9. Let o be q(-8). Let c = o + -46. What is the remainder when c is divided by 12?
9
Let g(q) = q**3 + 18*q**2 + 15*q - 7. Let u(d) = d**2 + d - 5. Calculate the remainder when g(-17) is divided by u(-4).
6
Let t(z) = z**2 + 2. Let n be t(0). Calculate the remainder when (-4)/n - -13*3 is divided by 19.
18
Let t(v) = -5*v - 27. Let q be t(-6). What is the remainder when 42 is divided by q/(-9) + (640/6)/8?
3
Suppose -3*p + 65 = -16. Suppose 4623 - 4781 = -2*c. What is the remainder when c is divided by p?
25
Suppose 65*m = 66*m - 27. Calculate the remainder when m is divided by 6.
3
Let k(n) = -10*n**2 - 23*n - 49. Let c(h) = 3*h**2 + 8*h + 16. Let f(y) = 7*c(y) + 2*k(y). Calculate the remainder when 6 is divided by f(-9).
1
Let n = 316 - 310. What is the remainder when n is divided by 3?
0
Let y = 101 - 73. Let z(k) = -51*k + 6. Calculate the remainder when z(-2) is divided by y.
24
Suppose 16 = 5*u + 1. Let a = u - -15. What is the remainder when 69 is divided by a?
15
Suppose 4*m - 114 = -3*w - 6, 3*m = -4*w + 74. Calculate the remainder when 117 is divided by m.
27
Suppose 4*u + j - 276 = 0, 6*u - 5*u = 5*j + 90. Calculate the remainder when 136 is divided by u.
66
Let h(l) = l**2 + 17*l + 72. What is the remainder when 110 is divided by h(-14)?
20
Suppose 0 = u - 1, 89 = 3*g + 3*u + 2*u. Suppose j - g + 9 = 0. What is the remainder when 73 is divided by j?
16
Let k(f) = 2*f - 8. Let l be ((-8)/(-12))/((-1)/(-6)). Let n be k(l). What is the remainder when 18 is divided by (n - -1)*1*7?
4
Let z be 24*4*12/64. Suppose -2*h + z = 4. Let v(t) = t + 6. Calculate the remainder when v(6) is divided by h.
5
Let d(n) = -n**3 - 10*n**2 - 27*n - 26. Suppose -3*w + 0*w - 2*t + 51 = 0, 34 = 2*w + 4*t. What is the remainder when d(-8) is divided by w?
11
Suppose 5*l - 5*b + 103 = 1403, -785 = -3*l + 4*b. Calculate th